 4*q(w) + 7*y(w). Let b be t(10). Let x = b + 12. What are the prime factors of x?
2
Let g(j) = -j**3 - 3*j**2 + j + 3. Let p be g(-3). Suppose p = -2*w + 1 + 3. Suppose -n = 0, -4*q + n = -w*n - 28. List the prime factors of q.
7
Let k = -5 + 9. Let y be ((-2)/k)/((-3)/18). Suppose 0 = -y*g + 2*g + 2. What are the prime factors of g?
2
Let k be 12/5 - 12/30. Suppose 2*x - z - 28 = -2*z, 3*z = -6. Suppose 0 = -k*i - i + x. List the prime factors of i.
5
Suppose -3*x = -4*s - 27, -2*s - s + 11 = 4*x. What are the prime factors of 4/(s - 1)*-34?
2, 17
Let d = 57 - 24. List the prime factors of d.
3, 11
Let r = -44 + 122. List the prime factors of r.
2, 3, 13
What are the prime factors of (-3)/12 - (-117)/4?
29
Suppose 8 = -2*p + 4*v, -v - 6 - 10 = 4*p. Let m = 13 + -24. Let y = p - m. What are the prime factors of y?
7
What are the prime factors of ((-54)/(-3))/((-3)/(-14))?
2, 3, 7
Let b be (6/(-4))/(3/76). Let f = b + 57. List the prime factors of f.
19
Suppose -l = 5*g - 46, -4*g + 2*l + 42 = -6. Let k = g + -4. List the prime factors of k.
2, 3
Let u(r) = -4*r**2 + 2*r + 2. Let l be u(2). Let w = 16 + l. List the prime factors of w.
2, 3
Let n be 1*-5*1 + -1. Let a(d) = 5*d - 7. Let r(i) = 11*i - 15. Let c(j) = n*r(j) + 13*a(j). What are the prime factors of c(-3)?
2
Let y be 1 + 2/3*-21. Let z = 23 + -54. Let a = y - z. List the prime factors of a.
2, 3
What are the prime factors of (-114)/(9/(27/(-6)))?
3, 19
Suppose r = -4*l + 5*r - 232, -4*l - 3*r - 239 = 0. Let v = l - -94. List the prime factors of v.
5, 7
Let x(g) = -2*g + 3. Let h be x(-2). What are the prime factors of (-7)/h + 26 + -2?
23
Let b(z) = 2*z + 10. Let m(s) = -3*s - 19. Let c(o) = -11*b(o) - 6*m(o). Suppose y - 12 = -15. List the prime factors of c(y).
2
Let m(u) be the third derivative of u**6/120 - u**5/20 + u**4/12 - 2*u**3/3 + 9*u**2. What are the prime factors of m(5)?
2, 7
Let s(w) = w**2 - 2*w + 1. Let b be s(2). Let y be ((-2)/(-6))/((-3)/(-9)). What are the prime factors of b*18 + y + -4?
3, 5
Let o(u) = -8*u - 10. List the prime factors of o(-7).
2, 23
Suppose -3*x = -4 - 2. Suppose -7*h = -x*h - 30. List the prime factors of 26/h - 6/(-9).
5
Let q(u) = -u. Let c(j) = -2*j + 1. Let i(a) = -3*c(a) + 8*q(a). Suppose 0 = 5*k - 4 + 19. List the prime factors of i(k).
3
Let d = 9 + -5. Let c be 376/9 - d/(-18). Suppose -37 = -2*f + 3*q, -5*q = -2*f - q + c. What are the prime factors of f?
11
Let p(j) = -j**3 + 11*j**2 + 8*j + 27. What are the prime factors of p(11)?
5, 23
Let d be 5/1 + (0 - 1). What are the prime factors of -1 + 7 + (6 - d)?
2
Let z = 198 + -141. Suppose -2*o + z = -19. What are the prime factors of o?
2, 19
Let i be 0 - (3 - (-18)/(-3)). Suppose -32 = -d - i*d. List the prime factors of d.
2
List the prime factors of (25/50)/(2/116).
29
Let h(d) = -7*d + 1. Let w be (3/(-2))/((-9)/(-12)). List the prime factors of h(w).
3, 5
Let f = 34 - -20. List the prime factors of f.
2, 3
Let w = 11 - 9. Let b(a) = 2*a**2 + 0*a**2 + 2 - 4*a**2 + a**3 + 2*a. List the prime factors of b(w).
2, 3
Let m(d) = -d + 5. Let r(f) = -3*f**2 - 1. Let v be r(1). What are the prime factors of m(v)?
3
Let m(h) = h**3 - 6*h**2 + 8*h - 5. Let j be m(5). What are the prime factors of j - (1 + (-1 - 3))?
13
Suppose -3*c + 7 = -5. Let l(k) = 2 - 3 + 5 - c*k + 2*k**2. List the prime factors of l(3).
2, 5
Suppose 5*a = 3*q - 287, 6*a - 468 = -5*q + 4*a. What are the prime factors of q?
2, 47
Suppose -5*u + 5*g - 10 = -0*u, -6 = -5*u + g. Suppose 4*j + 10 = 4*a + j, u*a - 5*j = -2. What are the prime factors of a?
2
Let k = 202 - 133. List the prime factors of k.
3, 23
Let x(o) = 3*o**2 - 10*o + 7. Let w be x(6). Let g = w - 19. What are the prime factors of g?
2, 3
Let q = 149 + -83. What are the prime factors of (-197)/(-6) + 11/q?
3, 11
Suppose 2*n - 10 + 4 = 0. Suppose 4*p = 4*u, u - 3 = -p + 7. Suppose -a = -p*m + 4*a + 25, -n*a = 0. List the prime factors of m.
5
Let w(s) = -8*s - 28. List the prime factors of w(-13).
2, 19
List the prime factors of ((-1175)/(-110) - 4/22)*12.
2, 3, 7
Suppose -168 = -5*s - 3*x + 4*x, 10 = 5*x. What are the prime factors of s?
2, 17
Let c = 18 - -10. List the prime factors of c.
2, 7
Let v(a) = -a**2 + 45. What are the prime factors of v(0)?
3, 5
Suppose -4*k - 19 = 209. Let b = -27 - k. What are the prime factors of b?
2, 3, 5
Suppose -3*s = -15, -5*s = 3*a - 0*s - 277. List the prime factors of a.
2, 3, 7
Let q(t) = t**3 - 7*t**2 + 7*t - 3. Let z be q(6). Let x(u) = -3*u**3 + 2*u**z + 0 + 2. List the prime factors of x(0).
2
What are the prime factors of (-2)/15 + 994/30?
3, 11
Suppose 61 = 4*c - 179. What are the prime factors of c?
2, 3, 5
Suppose -4*d - d = -20. List the prime factors of 3 + (d - 3) + -1.
3
Let r be 0*(1 + -3 - -1). Suppose -4*u + 2*a = -r*a + 28, -2*u = 2*a + 8. Let z = u - -14. What are the prime factors of z?
2
Suppose -2*j - 2 = -i, -1 = 2*i - j - 5. Let p = 75 - 52. Suppose -a = -6 + i, -p = -z - a. List the prime factors of z.
19
Let a = -44 - -22. What are the prime factors of 0 + a/(1 - 3)?
11
Suppose o + 3*s = 0, 0*o = -2*o + 5*s. Suppose o*v = v - 15. Suppose g + u - v = -g, 30 = g + 5*u. List the prime factors of g.
5
Let s(k) be the second derivative of 7/6*k**3 + 0 - 1/20*k**5 - 1/6*k**4 - k + 5/2*k**2. List the prime factors of s(-4).
3
Let t(j) = 18*j**2 - j - 1. List the prime factors of t(2).
3, 23
Suppose -2*x + 2*p - 2 = 0, -x - 4*x - 5*p = 15. List the prime factors of (12/(-1))/(-1) + x.
2, 5
Let i(l) = -l**2 + 2*l + 49. List the prime factors of i(0).
7
Let u = -431 - -692. What are the prime factors of u?
3, 29
Let f(o) be the second derivative of -o**4/12 - 7*o**3/3 + 3*o**2/2 + 7*o. List the prime factors of f(-12).
3
Let x = -472 - -808. List the prime factors of x.
2, 3, 7
Let q(d) = 5*d**3 - 3*d**2 + 3*d - 3. Let a be q(2). Let h(j) = -3*j**2 - 2*j + 3. Let g be h(2). Let u = g + a. What are the prime factors of u?
2, 3
Let b(s) be the third derivative of 23*s**5/60 + s**4/24 + 2*s**2. What are the prime factors of b(-1)?
2, 11
Suppose -3*x = -x - 8. Suppose k + x + 7 = 0. Let l = 16 + k. List the prime factors of l.
5
Suppose -2*m - 2*s = -0*s - 2, -5*s + 5 = 3*m. Suppose m*p - 50 = -p. Suppose 2*v = 3*a - p, 5*a - 7*v + 3*v - 80 = 0. What are the prime factors of a?
2, 5
Let y(u) = u**3 + 3*u**2 + 2. Let q be y(-4). List the prime factors of (-125)/(-7) + (-2)/q.
2, 3
Suppose 3*z + t = 1 + 3, -5*t = 5*z + 10. Suppose -y = -17 + z. List the prime factors of y.
2, 7
Let m(z) = -63*z + 1. List the prime factors of m(-3).
2, 5, 19
Let m = -8 + 11. Suppose -m*v = -2*p + 4, 4 = 2*p - 7*v + 2*v. What are the prime factors of p?
2
Let r(b) = b - 13. Let y be r(9). Let o(u) = u**2 - u - 2. List the prime factors of o(y).
2, 3
Suppose d + 13 = 2*j, 4*d + 36 = -2*j + 6*j. Let z be (-3)/((9/(-8))/3). Suppose -j*y + 40 = -z. List the prime factors of y.
2, 3
Let s be (-9)/12 - (-92)/16. List the prime factors of 4/s*(-210)/(-12).
2, 7
Let z(b) = 17*b + 2. What are the prime factors of z(2)?
2, 3
Let f = 18 + -9. Suppose 2*w - f = -w. List the prime factors of w.
3
Suppose -t + 4*t - 171 = 0. What are the prime factors of t?
3, 19
Let c(s) be the second derivative of s**4/12 - s**3/3 - s**2/2 + 3*s. Let p be c(3). Suppose p*m - 24 = -2*i, 5*m + i - 4*i = 68. List the prime factors of m.
13
Let z(s) = s**3 + 13*s**2 - 21*s - 19. What are the prime factors of z(-14)?
79
Suppose -y + 44 = y - 2*h, 8 = -y - 5*h. Let f = y + -10. List the prime factors of f.
7
Let k(g) = -2*g + 32. What are the prime factors of k(-7)?
2, 23
Suppose 2*p = 57 + 49. Suppose -w - 3*j = -31, 138 = 5*w + 3*j - p. Suppose -4*d + w = -8. List the prime factors of d.
2, 3
Suppose 5*o + 6 = 8*o. Suppose 0 = y - 4*q - 25, -4*y = -o*q + 4*q - 118. What are the prime factors of y?
29
Suppose 56 = -o + 2*o. Suppose 4*c - 4*l = o, -c - 3*c - 5*l + 74 = 0. List the prime factors of c.
2
Let l be (-6)/(-14) + (-144)/(-56). Suppose 0*t = -l*t + 21. What are the prime factors of t?
7
Let o(i) = i**2 + 2*i - 4. What are the prime factors of o(7)?
59
Let x(t) = -1. Let h(j) = -j + 1. Let g(s) = 3*h(s) + x(s). List the prime factors of g(-3).
11
What are the prime factors of (304 + -1)*(3 + 24/(-9))?
101
Let s(g) = g**2 + g - 2. Let o be s(-2)